6).
4
Let a(p) = p**2 - 4*p - 1. Suppose 786 + 978 = 28*w. Let z be (-8)/6*(w/(-18) - 1). Calculate a(z).
11
Let m(o) = -o + 3. Let s(x) be the third derivative of 7/30*x**5 - 1/120*x**6 + 17/6*x**3 + 0 + 0*x + x**2 - 7/12*x**4. Let y be s(13). What is m(y)?
-1
Let c = -410 - -408. Let i = -5 + 7. Let f(x) = -x**3 + 2*x - 2*x**2 - 2*x**2 + i*x**2 + 0 + 2. Calculate f(c).
-2
Let w(s) be the second derivative of -s**4/6 - 4*s**3 - 5*s**2 - 2138*s. Give w(-11).
12
Let b(u) = 112*u**2 - 428*u**2 - 47 + 94*u**2 + 112*u**2 - 54*u + 112*u**2. Give b(28).
9
Let h(w) = w**2 + 277*w + 1093. Let m be h(-4). Let l(s) be the third derivative of -7*s**2 + 0*s**4 + 0 + 1/6*s**3 + 1/10*s**5 + 0*s. Calculate l(m).
7
Let l(f) = 3*f + 21 - 53 + 69 + 78. Give l(-17).
64
Let t(u) = 8*u**3 - 1. Let h(b) = -22*b + 3. Let y be h(2). Let k = y + 41. Let p = 1 - k. Give t(p).
7
Let x(v) = 19 - 57 + 0*v + 24 - v. Give x(-7).
-7
Let v(q) = -169*q - 3854. Let a be v(-23). Let y(n) = n**3 - 33*n**2 + 3. What is y(a)?
3
Let i(l) = -12*l**3 - 6*l**2 + 15*l + 34. Let p(a) = 8*a**3 + 4*a**2 - 10*a - 22. Let y(s) = 5*i(s) + 8*p(s). Give y(-1).
-3
Suppose 5*q = 2*a - 17, -9 = 2*a - 3*a + 3*q. Let u(j) = j**2 - 4*j - 4. Let r be u(5). Let h(b) = 0 - b**2 + 6 - 7*b - r + 2*b**2. What is h(a)?
-1
Suppose -w - 6 = -3*q - 3, 5*q - 15 = 5*w. Let f(i) = -114*i**2 - 5 + 100*i**2 - i**3 + q + 15*i. Give f(-15).
-5
Let h be 1/(2/(-24)*-2). Let v(w) = -5 + 4*w + h + 1. Suppose 2*n - 8 = 2*f, -3*n + 6*n = -3*f. What is v(f)?
-6
Let n be ((-16)/(-6) - 2)*3. Suppose n*o = -2*o - 4. Let p(q) = 2*q + 409. Let c(t) = 5*t + 1363. Let k(s) = 3*c(s) - 10*p(s). Calculate k(o).
4
Let t(v) = -5*v**3 + 17*v**2 - 6*v - 32. Let w(u) = 12*u**3 - 35*u**2 + 13*u + 63. Let h(p) = 7*t(p) + 3*w(p). Give h(-14).
7
Let h(g) = 5*g + 23. Let k be h(-4). Let v be (-4 + 3)*59*-1. Suppose -p - 3 + 2 = k*l, -5*p + 3*l = v. Let z(n) = -n - 11. Give z(p).
-1
Let p(m) = 11*m - 5 - 2*m + 12*m + 29*m - 36*m + 2*m**2. Determine p(-7).
-5
Suppose -4*c + 5*h = -5*c + 96, -5*c + 2*h + 426 = 0. Suppose c = 11*n + 20. Let d(g) be the first derivative of g**2/2 - 4*g - 5. What is d(n)?
2
Let j(d) be the second derivative of 0 + 5/6*d**4 + 1/720*d**6 + 0*d**5 + 0*d**2 + 19*d + 0*d**3. Let b(m) be the third derivative of j(m). Give b(6).
6
Let k(g) = -13*g**3 + 2*g**2 + 5*g + 21. Let y(h) = -16*h**3 + 3*h**2 + 3*h + 21. Let m(t) = -5*k(t) + 4*y(t). Give m(-4).
-1
Let y(w) = -w - 2. Suppose 0 = 3*s - 10 - 8. Suppose -z + 16 = s. Let b = -13 + z. Give y(b).
1
Let y(m) be the first derivative of -m**3/3 - m**2/2 + 27*m + 960. Give y(-7).
-15
Suppose 2 = 5*p - 7*p + 2*b, 5*b = -4*p + 32. Let w(q) = 4*q - 1 + 19*q**3 + 0*q**3 - p*q + 3*q**3. Determine w(1).
22
Let r(h) = -81 + 213 - 147 - h + 8*h. Calculate r(-2).
-29
Suppose -19*v + 39*v = 820. Let o(q) = v*q + 45*q - 36*q. Calculate o(1).
50
Let d(o) = -17*o + 7. Let b(m) = 37*m - 14. Suppose -5*n = -4*g + 3*g - 12, g + n - 18 = 0. Let j(a) = g*d(a) + 6*b(a). Calculate j(-5).
2
Let n(h) = 185*h - 550*h + 177*h + h**2 + 176*h + 32. Calculate n(6).
-4
Suppose -10 = -3*r - 28*p + 27*p, 5*r = -3*p + 22. Let i(f) = 5 - 6*f**r + 1 + 10*f + 5*f**2 + 3*f**2 + 3*f. Give i(-7).
13
Let b(s) be the second derivative of 20*s**3/3 - 16*s**2 + 119*s. Let k(i) = -19*i + 15. Let t(z) = 6*b(z) + 13*k(z). Determine t(4).
-25
Let v(t) be the third derivative of -t**6/120 + t**5/20 + 5*t**4/8 + 5*t**3/3 - 3231*t**2. What is v(7)?
-81
Let v(i) = -166*i + 84. Let f(g) = -17*g. Let w(j) = -10*f(j) + v(j). Determine w(-23).
-8
Let g(l) = 14*l + 33. Let h be (3/(-2) + 0)/(-14 - (-7264)/512). What is g(h)?
-79
Let h(r) = -23*r - 6. Suppose 0 = 39*t + 963 - 924. Calculate h(t).
17
Let t(l) be the first derivative of l**5/30 + l**4/24 + l**3/3 + l**2/2 - 2*l + 36. Let c(m) be the second derivative of t(m). What is c(-2)?
8
Let l(q) be the second derivative of 11*q + 0 + 0*q**2 + 0*q**3 + 1/12*q**4. Let d(y) = -y**3 + 4*y**2 + 16*y - 25. Let v be d(6). Give l(v).
1
Let d(x) be the first derivative of -x**6/180 - x**5/120 - x**3/3 - 9. Let h(p) be the third derivative of d(p). Let o = 479 - 480. Give h(o).
-1
Let i(n) = n**2 - 8*n + 6. Let x(g) = 13*g**2 - 19*g - 21. Let w(t) = -t - 48. Let o be w(-47). Let f be x(o). Give i(f).
39
Let k(j) be the first derivative of -5*j**2 - 9 - 1/4*j**4 - 11*j - 3*j**3. Let o(u) = u**3 + 6*u**2 - 12*u - 43. Let h be o(-7). Give k(h).
5
Let v(l) = -9*l + 36 - 13 - 10 + l**2. Let g be v(6). Let w(t) = 2*t**3 + t - 2. Let d(h) = -h**3 + 5*h**2 - 4*h - 3. Let m(j) = d(j) + w(j). What is m(g)?
10
Let r(o) = -o + 12. Let p be (-28)/(-2) - (5 - (4 + 0)). Suppose p*x = 19*x. What is r(x)?
12
Let a(z) = -z**2 - z. Let d(s) = 7*s**2 + 3. Let u(y) = -6*a(y) - d(y). Let j be (3 + -5)*((-21)/(-6) + -7). Calculate u(j).
-10
Suppose -3*l + k - 4 = 0, 29*k = 3*l + 32*k - 12. Let w(b) = -2*b**2 + 2*b + 6. Calculate w(l).
6
Let z(i) be the second derivative of 1/2*i**2 + 2 + 28*i + 1/3*i**3. Determine z(-4).
-7
Let f(d) = -d**3 + 15*d**2 - d + 13. Suppose 27*w + 79 = -12*w + 664. Give f(w).
-2
Suppose -36 = -2*a - 4*c + 72, -c + 99 = 2*a. Let m(f) = 19 - a + 10 + 3*f + 22 + 10. Calculate m(-7).
-8
Let b = -72 - -74. Let i(o) = 0*o**3 + o**3 + 3*o - 489*o**2 + 484*o**b + 2. What is i(3)?
-7
Let z(i) be the third derivative of -i**4/24 + 28*i**2. Suppose 25*c = 12*c - 403. Let o = c + 28. What is z(o)?
3
Let g(i) = -i**3 - 7*i**2 + 11*i + 6. Let d be (-1)/11 - 99009/(-99). Let y be (4/10)/((-50)/d). Give g(y).
-18
Suppose -s = -2*v - 6, -2*s = -32*v + 31*v. Let c(n) = n**2 - n - 1. Let j(p) = 7*p + 2. Let o(l) = -2*c(l) - j(l). What is o(v)?
-12
Let w(f) be the second derivative of -f**4/3 + f**2/2 - 56*f. Let m = -68 - -71. Suppose -5 = m*t + 2*t. What is w(t)?
-3
Suppose 0 = z + 62 - 65. Let f(c) be the second derivative of -1/6*c**z + c**2 + 1/12*c**4 + 14*c + 0. Calculate f(-2).
8
Let l(u) = u**3 - u - 8. Let i be l(0). Let a(v) = 15*v**3 + 12*v**2 + 2*v + 12. Let t be a(4). Let q(g) = -1172 - 3*g + t + 11*g + g**2. What is q(i)?
0
Let s(n) = -346*n - 1035. Let z be s(-3). Let j(l) = -l**3 + 6*l**2 - 6*l - 8. What is j(z)?
1
Let b(z) = -4*z - 1. Suppose 10*l - 38 = -568. Let k = -105 - l. Let s = k + 50. Give b(s).
7
Suppose -2*d - s - 7 = -7*d, 2*d = -s. Let b(l) = l**2 + 2. Let k(r) = 5*r**2 + 3*r + 13. Let g(a) = d*k(a) - 4*b(a). Determine g(-6).
23
Suppose q - 6*q = 0. Suppose q = -0*o + 3*o - 12. Let s(x) = -345 + 689 - 344 + x**2. Determine s(o).
16
Let i = -402 + 530. Suppose -113 + i = -5*z. Let j(m) = 3 - 3*m + 8*m + 3*m**3 + 5*m**2 - m**3. Give j(z).
-21
Let a = 62 + -16. Let j = a + -52. Let n(u) = -2*u + 4. Calculate n(j).
16
Let g(w) = -5*w + 2. Let p(y) = 4*y - 2. Let j(i) = 4*g(i) + 3*p(i). Let o(a) = 9*a - 1. Let n be 90/20*(16/6 + -2). Let t(l) = n*o(l) + 2*j(l). What is t(1)?
12
Let p = -89 + 89. Let l(r) = -13*r - 5. What is l(p)?
-5
Let s(d) be the third derivative of d**5/60 - d**4/24 - d**2. Let j(w) = 3*w**2 + 3*w - 2. Let r = 158 - 157. Let b(n) = r*j(n) - 2*s(n). What is b(-5)?
-2
Let q(u) = -72*u - 1008. Let d be q(-14). Let g(z) = z**2 - 11*z - 95. Determine g(d).
-95
Let r(u) be the third derivative of -47*u**4/24 - 427*u**3/6 - 13530*u**2. Give r(-9).
-4
Let r(k) = -k**2 + 494*k + 27 - 168*k + 19 - 159*k - 164*k. Calculate r(-6).
-8
Let l(r) = 2*r**2 - 5*r + 7. Let q(d) = -1. Let t(o) = l(o) + 5*q(o). Let p = -82913 - -82917. What is t(p)?
14
Let g(v) = -v**3 + 6*v**2 - 8*v + 7. Suppose -7*r + 2*r - 140 = -4*d, 0 = -r + 4*d - 44. Suppose -105 = -5*u + 40. Let b = r + u. Give g(b).
-8
Let i = 33 + 42. Suppose -2*f = -17*f + i. Let u(m) = m**2 - 6*m + 7. Let s be u(f). Let v(z) = -2*z - 2. What is v(s)?
-6
Let v(l) = 2*l**3 + 3*l. Let o(p) = -9*p**3 - 5*p**2 - 14*p - 7. Let f(d) = o(d) + 4*v(d). Suppose 0*t = 4*t + 20. What is f(t)?
3
Let s be (-328)/(-32) - (-1152)/(-512). Let p(t) be the first derivative of t**3/3 - 5*t**2 + 10*t + 1. Calculate p(s).
-6
Suppose 4*j - 3*w - 52 = -5*w, 2*j = -4*w + 20. Suppose 0 = -0*s - 5*s - 25, -3*o + j = -4*s. Let q(f) = 2*f**3 + 3*f**2 - f - 3. Determine q(o).
-5
Let j(y) = -4*y. Let s(v) = v. Let g(x) = -j(x) - 6*s(x). Calculate g(-4).
8
Let x(g) = -g**3 - 76*g**2 - 82*g - 6244. Let r be x(-76). Let h(l) = l**3 + 12*l**2 - 